[INFO] fetching crate busycrate 0.1.0...
[INFO] checking busycrate-0.1.0 against try#72f88fc4e9458f89516a0b8b0868f3718aec5b47 for pr-74989
[INFO] extracting crate busycrate 0.1.0 into /workspace/builds/worker-0/source
[INFO] validating manifest of crates.io crate busycrate 0.1.0 on toolchain 72f88fc4e9458f89516a0b8b0868f3718aec5b47
[INFO] running `Command { std: "/workspace/cargo-home/bin/cargo" "+72f88fc4e9458f89516a0b8b0868f3718aec5b47" "read-manifest" "--manifest-path" "Cargo.toml", kill_on_drop: false }`
[INFO] started tweaking crates.io crate busycrate 0.1.0
[INFO] finished tweaking crates.io crate busycrate 0.1.0
[INFO] tweaked toml for crates.io crate busycrate 0.1.0 written to /workspace/builds/worker-0/source/Cargo.toml
[INFO] crate crates.io crate busycrate 0.1.0 already has a lockfile, it will not be regenerated
[INFO] running `Command { std: "/workspace/cargo-home/bin/cargo" "+72f88fc4e9458f89516a0b8b0868f3718aec5b47" "fetch" "--locked" "--manifest-path" "Cargo.toml", kill_on_drop: false }`
[INFO] running `Command { std: "docker" "create" "-v" "/var/lib/crater-agent-workspace/builds/worker-0/target:/opt/rustwide/target:rw,Z" "-v" "/var/lib/crater-agent-workspace/builds/worker-0/source:/opt/rustwide/workdir:ro,Z" "-v" "/var/lib/crater-agent-workspace/cargo-home:/opt/rustwide/cargo-home:ro,Z" "-v" "/var/lib/crater-agent-workspace/rustup-home:/opt/rustwide/rustup-home:ro,Z" "-e" "SOURCE_DIR=/opt/rustwide/workdir" "-e" "CARGO_TARGET_DIR=/opt/rustwide/target" "-e" "CARGO_HOME=/opt/rustwide/cargo-home" "-e" "RUSTUP_HOME=/opt/rustwide/rustup-home" "-w" "/opt/rustwide/workdir" "-m" "1610612736" "--user" "0:0" "--network" "none" "rustops/crates-build-env@sha256:d92eaeed33fa75130ca1ee6c8a01d1ffb62bac859dfdfb3450e3e5d1c0146529" "/opt/rustwide/cargo-home/bin/cargo" "+72f88fc4e9458f89516a0b8b0868f3718aec5b47" "metadata" "--no-deps" "--format-version=1", kill_on_drop: false }`
[INFO] [stdout] 1bc14a1b88dfeab015a663d73be8ae529698266ba283898b9c2d4da373bfd619
[INFO] [stderr] WARNING: Your kernel does not support swap limit capabilities or the cgroup is not mounted. Memory limited without swap.
[INFO] running `Command { std: "docker" "start" "-a" "1bc14a1b88dfeab015a663d73be8ae529698266ba283898b9c2d4da373bfd619", kill_on_drop: false }`
[INFO] running `Command { std: "docker" "inspect" "1bc14a1b88dfeab015a663d73be8ae529698266ba283898b9c2d4da373bfd619", kill_on_drop: false }`
[INFO] running `Command { std: "docker" "rm" "-f" "1bc14a1b88dfeab015a663d73be8ae529698266ba283898b9c2d4da373bfd619", kill_on_drop: false }`
[INFO] [stdout] 1bc14a1b88dfeab015a663d73be8ae529698266ba283898b9c2d4da373bfd619
[INFO] running `Command { std: "docker" "create" "-v" "/var/lib/crater-agent-workspace/builds/worker-0/target:/opt/rustwide/target:rw,Z" "-v" "/var/lib/crater-agent-workspace/builds/worker-0/source:/opt/rustwide/workdir:ro,Z" "-v" "/var/lib/crater-agent-workspace/cargo-home:/opt/rustwide/cargo-home:ro,Z" "-v" "/var/lib/crater-agent-workspace/rustup-home:/opt/rustwide/rustup-home:ro,Z" "-e" "SOURCE_DIR=/opt/rustwide/workdir" "-e" "CARGO_TARGET_DIR=/opt/rustwide/target" "-e" "CARGO_INCREMENTAL=0" "-e" "RUST_BACKTRACE=full" "-e" "RUSTFLAGS=--cap-lints=forbid" "-e" "CARGO_HOME=/opt/rustwide/cargo-home" "-e" "RUSTUP_HOME=/opt/rustwide/rustup-home" "-w" "/opt/rustwide/workdir" "-m" "1610612736" "--user" "0:0" "--network" "none" "rustops/crates-build-env@sha256:d92eaeed33fa75130ca1ee6c8a01d1ffb62bac859dfdfb3450e3e5d1c0146529" "/opt/rustwide/cargo-home/bin/cargo" "+72f88fc4e9458f89516a0b8b0868f3718aec5b47" "check" "--frozen" "--all" "--all-targets" "--message-format=json", kill_on_drop: false }`
[INFO] [stdout] 8dea2c0759eb68b2e7ecf84bae0729ee301e1ecb83110bccb217d98f9c81f301
[INFO] [stderr] WARNING: Your kernel does not support swap limit capabilities or the cgroup is not mounted. Memory limited without swap.
[INFO] running `Command { std: "docker" "start" "-a" "8dea2c0759eb68b2e7ecf84bae0729ee301e1ecb83110bccb217d98f9c81f301", kill_on_drop: false }`
[INFO] [stderr]    Compiling libc v0.2.71
[INFO] [stderr]    Compiling nix v0.17.0
[INFO] [stderr]     Checking void v1.0.2
[INFO] [stderr]     Checking atty v0.2.14
[INFO] [stderr]     Checking clap v2.33.1
[INFO] [stderr]     Checking busycrate v0.1.0 (/opt/rustwide/workdir)
[INFO] [stdout] warning: unused import: `super::*`
[INFO] [stdout]   --> src/osstr.rs:49:9
[INFO] [stdout]    |
[INFO] [stdout] 49 |     use super::*;
[INFO] [stdout]    |         ^^^^^^^^
[INFO] [stdout]    |
[INFO] [stdout]    = note: `#[warn(unused_imports)]` on by default
[INFO] [stdout] 
[INFO] [stdout] 
[INFO] [stdout] warning: use of deprecated constant `std::sync::ONCE_INIT`: the `new` function is now preferred
[INFO] [stdout]   --> src/main.rs:89:17
[INFO] [stdout]    |
[INFO] [stdout] 89 |         .author(clap::crate_authors!("\n"))
[INFO] [stdout]    |                 ^^^^^^^^^^^^^^^^^^^^^^^^^^
[INFO] [stdout]    |
[INFO] [stdout]    = note: `#[warn(deprecated)]` on by default
[INFO] [stdout]    = note: this warning originates in a macro (in Nightly builds, run with -Z macro-backtrace for more info)
[INFO] [stdout] 
[INFO] [stdout] 
[INFO] [stdout] warning: use of deprecated constant `std::sync::ONCE_INIT`: the `new` function is now preferred
[INFO] [stdout]   --> src/main.rs:89:17
[INFO] [stdout]    |
[INFO] [stdout] 89 |         .author(clap::crate_authors!("\n"))
[INFO] [stdout]    |                 ^^^^^^^^^^^^^^^^^^^^^^^^^^
[INFO] [stdout]    |
[INFO] [stdout]    = note: this warning originates in a macro (in Nightly builds, run with -Z macro-backtrace for more info)
[INFO] [stdout] 
[INFO] [stdout] 
[INFO] [stdout] warning: use of deprecated constant `std::sync::ONCE_INIT`: the `new` function is now preferred
[INFO] [stdout]   --> src/main.rs:89:17
[INFO] [stdout]    |
[INFO] [stdout] 89 |         .author(clap::crate_authors!("\n"))
[INFO] [stdout]    |                 ^^^^^^^^^^^^^^^^^^^^^^^^^^
[INFO] [stdout]    |
[INFO] [stdout]    = note: `#[warn(deprecated)]` on by default
[INFO] [stdout]    = note: this warning originates in a macro (in Nightly builds, run with -Z macro-backtrace for more info)
[INFO] [stdout] 
[INFO] [stdout] 
[INFO] [stdout] warning: use of deprecated constant `std::sync::ONCE_INIT`: the `new` function is now preferred
[INFO] [stdout]   --> src/main.rs:89:17
[INFO] [stdout]    |
[INFO] [stdout] 89 |         .author(clap::crate_authors!("\n"))
[INFO] [stdout]    |                 ^^^^^^^^^^^^^^^^^^^^^^^^^^
[INFO] [stdout]    |
[INFO] [stdout]    = note: this warning originates in a macro (in Nightly builds, run with -Z macro-backtrace for more info)
[INFO] [stdout] 
[INFO] [stdout] 
[INFO] [stdout] warning: 2 warnings emitted
[INFO] [stdout] 
[INFO] [stdout] 
[INFO] [stdout] error[E0599]: no method named `has_suffix` found for reference `&OsStr` in the current scope
[INFO] [stdout]   --> src/osstr.rs:54:24
[INFO] [stdout]    |
[INFO] [stdout] 54 |         assert!(os_str.has_suffix(""));
[INFO] [stdout]    |                        ^^^^^^^^^^ method not found in `&OsStr`
[INFO] [stdout] 
[INFO] [stdout] 
[INFO] [stdout] error[E0599]: no method named `has_suffix` found for reference `&OsStr` in the current scope
[INFO] [stdout]   --> src/osstr.rs:62:36
[INFO] [stdout]    |
[INFO] [stdout] 62 |         assert!(OsStr::new(filled).has_suffix(empty));
[INFO] [stdout]    |                                    ^^^^^^^^^^ method not found in `&OsStr`
[INFO] [stdout] 
[INFO] [stdout] 
[INFO] [stdout] error[E0599]: no method named `has_suffix` found for reference `&OsStr` in the current scope
[INFO] [stdout]   --> src/osstr.rs:63:36
[INFO] [stdout]    |
[INFO] [stdout] 63 |         assert!(!OsStr::new(empty).has_suffix(filled));
[INFO] [stdout]    |                                    ^^^^^^^^^^ method not found in `&OsStr`
[INFO] [stdout] 
[INFO] [stdout] 
[INFO] [stdout] error[E0599]: no method named `has_suffix` found for reference `&OsStr` in the current scope
[INFO] [stdout]   --> src/osstr.rs:69:25
[INFO] [stdout]    |
[INFO] [stdout] 69 |         assert!(!os_str.has_suffix("suffix"));
[INFO] [stdout]    |                         ^^^^^^^^^^ method not found in `&OsStr`
[INFO] [stdout] 
[INFO] [stdout] 
[INFO] [stdout] error[E0599]: no method named `has_suffix` found for reference `&OsStr` in the current scope
[INFO] [stdout]   --> src/osstr.rs:77:35
[INFO] [stdout]    |
[INFO] [stdout] 77 |         assert!(OsStr::new(first).has_suffix(second));
[INFO] [stdout]    |                                   ^^^^^^^^^^ method not found in `&OsStr`
[INFO] [stdout] 
[INFO] [stdout] 
[INFO] [stdout] error[E0599]: no method named `has_suffix` found for reference `&OsStr` in the current scope
[INFO] [stdout]   --> src/osstr.rs:78:36
[INFO] [stdout]    |
[INFO] [stdout] 78 |         assert!(OsStr::new(second).has_suffix(first));
[INFO] [stdout]    |                                    ^^^^^^^^^^ method not found in `&OsStr`
[INFO] [stdout] 
[INFO] [stdout] 
[INFO] [stdout] error[E0599]: no method named `has_suffix` found for reference `&OsStr` in the current scope
[INFO] [stdout]   --> src/osstr.rs:86:36
[INFO] [stdout]    |
[INFO] [stdout] 86 |         assert!(OsStr::new(larger).has_suffix(suffix));
[INFO] [stdout]    |                                    ^^^^^^^^^^ method not found in `&OsStr`
[INFO] [stdout] 
[INFO] [stdout] 
[INFO] [stdout] error[E0599]: no method named `has_suffix` found for reference `&OsStr` in the current scope
[INFO] [stdout]   --> src/osstr.rs:87:37
[INFO] [stdout]    |
[INFO] [stdout] 87 |         assert!(!OsStr::new(suffix).has_suffix(larger));
[INFO] [stdout]    |                                     ^^^^^^^^^^ method not found in `&OsStr`
[INFO] [stdout] 
[INFO] [stdout] 
[INFO] [stdout] error[E0599]: no method named `has_suffix` found for reference `&OsStr` in the current scope
[INFO] [stdout]   --> src/osstr.rs:98:42
[INFO] [stdout]    |
[INFO] [stdout] 98 |         assert!(!OsStr::from_bytes(text).has_suffix(suffix));
[INFO] [stdout]    |                                          ^^^^^^^^^^ method not found in `&OsStr`
[INFO] [stdout] 
[INFO] [stdout] 
[INFO] [stdout] error: aborting due to 9 previous errors; 3 warnings emitted
[INFO] [stdout] 
[INFO] [stdout] 
[INFO] [stdout] For more information about this error, try `rustc --explain E0599`.
[INFO] [stdout] 
[INFO] [stderr] error: could not compile `busycrate`.
[INFO] [stderr] 
[INFO] [stderr] To learn more, run the command again with --verbose.
[INFO] running `Command { std: "docker" "inspect" "8dea2c0759eb68b2e7ecf84bae0729ee301e1ecb83110bccb217d98f9c81f301", kill_on_drop: false }`
[INFO] running `Command { std: "docker" "rm" "-f" "8dea2c0759eb68b2e7ecf84bae0729ee301e1ecb83110bccb217d98f9c81f301", kill_on_drop: false }`
[INFO] [stdout] 8dea2c0759eb68b2e7ecf84bae0729ee301e1ecb83110bccb217d98f9c81f301
